{"id":12,"date":"2026-02-20T11:11:21","date_gmt":"2026-02-20T11:11:21","guid":{"rendered":"https:\/\/ahauteurdetruffe.fr\/index.php\/home\/"},"modified":"2026-03-12T12:46:19","modified_gmt":"2026-03-12T12:46:19","slug":"home","status":"publish","type":"page","link":"https:\/\/ahauteurdetruffe.fr\/","title":{"rendered":"A Hauteur de Truffe"},"content":{"rendered":"\t\t<div data-elementor-type=\"wp-page\" data-elementor-id=\"12\" class=\"elementor elementor-12\">\n\t\t\t\t<div class=\"elementor-element elementor-element-5515cc8 e-flex e-con-boxed e-con e-parent\" data-id=\"5515cc8\" data-element_type=\"container\" data-e-type=\"container\">\n\t\t\t\t\t<div class=\"e-con-inner\">\n\t\t\t\t<div class=\"elementor-element elementor-element-49ec452 elementor-widget elementor-widget-heading\" data-id=\"49ec452\" data-element_type=\"widget\" data-e-type=\"widget\" data-widget_type=\"heading.default\">\n\t\t\t\t\t<h2 class=\"elementor-heading-title elementor-size-default\">        <\/h2>\t\t\t\t<\/div>\n\t\t\t\t\t<\/div>\n\t\t\t\t<\/div>\n\t\t<div class=\"elementor-element elementor-element-82b2d9a e-flex e-con-boxed e-con e-parent\" data-id=\"82b2d9a\" data-element_type=\"container\" data-e-type=\"container\">\n\t\t\t\t\t<div class=\"e-con-inner\">\n\t\t<div class=\"elementor-element elementor-element-1b92082 e-con-full e-flex e-con e-child\" data-id=\"1b92082\" data-element_type=\"container\" data-e-type=\"container\">\n\t\t\t\t<div class=\"elementor-element elementor-element-44571ab elementor-widget elementor-widget-image\" data-id=\"44571ab\" data-element_type=\"widget\" data-e-type=\"widget\" data-widget_type=\"image.default\">\n\t\t\t\t\t\t\t\t\t\t\t\t\t\t\t<img decoding=\"async\" width=\"1\" height=\"1\" src=\"https:\/\/ahauteurdetruffe.fr\/wp-content\/uploads\/2026\/02\/Capture-decran-2026-02-20-184021.png\" class=\"attachment-large size-large wp-image-86\" alt=\"\" \/>\t\t\t\t\t\t\t\t\t\t\t\t\t\t\t<\/div>\n\t\t\t\t<\/div>\n\t\t<div class=\"elementor-element elementor-element-7c46e6a e-con-full e-flex e-con e-child\" data-id=\"7c46e6a\" data-element_type=\"container\" data-e-type=\"container\">\n\t\t\t\t<div class=\"elementor-element elementor-element-9f7a901 elementor-widget elementor-widget-heading\" data-id=\"9f7a901\" data-element_type=\"widget\" data-e-type=\"widget\" data-widget_type=\"heading.default\">\n\t\t\t\t\t<h2 class=\"elementor-heading-title elementor-size-default\">Une approche bienveillante, \u00e9quilibr\u00e9e et respectueuse du chien et de l'humain \n<\/h2>\t\t\t\t<\/div>\n\t\t\t\t<\/div>\n\t\t\t\t\t<\/div>\n\t\t\t\t<\/div>\n\t\t<div class=\"elementor-element elementor-element-bf92087 e-flex e-con-boxed e-con e-parent\" data-id=\"bf92087\" data-element_type=\"container\" data-e-type=\"container\">\n\t\t\t\t\t<div class=\"e-con-inner\">\n\t\t\t\t<div class=\"elementor-element elementor-element-cab2788 elementor-widget elementor-widget-heading\" data-id=\"cab2788\" data-element_type=\"widget\" data-e-type=\"widget\" data-widget_type=\"heading.default\">\n\t\t\t\t\t<h2 class=\"elementor-heading-title elementor-size-default\">En quoi consiste l'\u00e9ducation canine ?<\/h2>\t\t\t\t<\/div>\n\t\t\t\t\t<\/div>\n\t\t\t\t<\/div>\n\t\t<div class=\"elementor-element elementor-element-076efda e-flex e-con-boxed e-con e-parent\" data-id=\"076efda\" data-element_type=\"container\" data-e-type=\"container\">\n\t\t\t\t\t<div class=\"e-con-inner\">\n\t\t<div class=\"elementor-element elementor-element-272d5d1 e-con-full e-flex e-con e-child\" data-id=\"272d5d1\" data-element_type=\"container\" data-e-type=\"container\">\n\t\t\t\t<div class=\"elementor-element elementor-element-656255d elementor-widget__width-initial elementor-widget elementor-widget-image\" data-id=\"656255d\" data-element_type=\"widget\" data-e-type=\"widget\" data-widget_type=\"image.default\">\n\t\t\t\t\t\t\t\t\t\t\t\t\t\t\t<img decoding=\"async\" width=\"1\" height=\"1\" src=\"https:\/\/ahauteurdetruffe.fr\/wp-content\/uploads\/2026\/02\/Capture-decran-2026-02-26-114004.png\" class=\"attachment-large size-large wp-image-97\" alt=\"\" \/>\t\t\t\t\t\t\t\t\t\t\t\t\t\t\t<\/div>\n\t\t\t\t<\/div>\n\t\t<div class=\"elementor-element elementor-element-0be75bf e-con-full e-flex e-con e-child\" data-id=\"0be75bf\" data-element_type=\"container\" data-e-type=\"container\">\n\t\t\t\t<div class=\"elementor-element elementor-element-3c720d3 elementor-widget elementor-widget-text-editor\" data-id=\"3c720d3\" data-element_type=\"widget\" data-e-type=\"widget\" data-widget_type=\"text-editor.default\">\n\t\t\t\t\t\t\t\t\t<p class=\"font_8\">L&rsquo;\u00e9ducation canine est un moyen d&rsquo;<strong>adapter votre chien \u00e0 un environnement qui ne lui est pas naturel<\/strong>.<\/p><p class=\"font_8\">En d\u00e9pit des ann\u00e9es de s\u00e9lection, elle permet que votre chien se comporte de mani\u00e8re acceptable dans <strong>notre soci\u00e9t\u00e9, que nous lui imposons<\/strong>.<\/p><p class=\"font_8\">C&rsquo;est un <strong>travail d&rsquo;\u00e9quipe<\/strong>. Un cours d&rsquo;\u00e9ducation n&rsquo;est <strong>pas de la magie<\/strong>, il vous offre les clefs pour que vous soyez le guide de votre chien. Cela demande donc de l&rsquo;<strong>investissement de la part du ma\u00eetre<\/strong>.<\/p>\t\t\t\t\t\t\t\t<\/div>\n\t\t\t\t<\/div>\n\t\t<div class=\"elementor-element elementor-element-33c2753 e-con-full e-flex e-con e-child\" data-id=\"33c2753\" data-element_type=\"container\" data-e-type=\"container\">\n\t\t\t\t<div class=\"elementor-element elementor-element-3bfb15f elementor-widget elementor-widget-text-editor\" data-id=\"3bfb15f\" data-element_type=\"widget\" data-e-type=\"widget\" data-widget_type=\"text-editor.default\">\n\t\t\t\t\t\t\t\t\t<p class=\"font_8\"><span class=\"color_2\">La<strong> r\u00e9\u00e9ducation canine<\/strong> intervient lorsque le chien pr\u00e9sente des <\/span><strong><span class=\"color_2\">troubles du comportements<\/span><\/strong><span class=\"color_2\">. Que ce soit de la r\u00e9activit\u00e9, de l&rsquo;agressivit\u00e9, de l&rsquo;anxi\u00e9t\u00e9 de s\u00e9paration ou d&rsquo;autres soucis. <\/span><\/p><p class=\"font_8\"><span class=\"color_2\">Il faut cependant comprendre qu<\/span><strong><span class=\"color_2\">&lsquo;un comportement est la cons\u00e9quence d&rsquo;une \u00e9motion<\/span><\/strong><span class=\"color_2\"><strong>, <\/strong>et que le plus gros travail se fait donc l\u00e0 dessus. L&rsquo;objectif du <strong>comportementaliste canin<\/strong> est de trouver<strong> la cause d&rsquo;un comportement<\/strong> et vous aider \u00e0 guider votre chien vers un <strong>apaisement et des comportements plus adapt\u00e9s.<\/strong> <\/span><\/p>\t\t\t\t\t\t\t\t<\/div>\n\t\t\t\t<\/div>\n\t\t\t\t\t<\/div>\n\t\t\t\t<\/div>\n\t\t<div class=\"elementor-element elementor-element-d33f72b e-flex e-con-boxed e-con e-parent\" data-id=\"d33f72b\" data-element_type=\"container\" data-e-type=\"container\">\n\t\t\t\t\t<div class=\"e-con-inner\">\n\t\t\t\t<div class=\"elementor-element elementor-element-64c2579 elementor-widget elementor-widget-heading\" data-id=\"64c2579\" data-element_type=\"widget\" data-e-type=\"widget\" data-widget_type=\"heading.default\">\n\t\t\t\t\t<h2 class=\"elementor-heading-title elementor-size-default\">Le concept d'Umvelt (\"monde propre\")<\/h2>\t\t\t\t<\/div>\n\t\t\t\t\t<\/div>\n\t\t\t\t<\/div>\n\t\t<div class=\"elementor-element elementor-element-df0ad13 e-flex e-con-boxed e-con e-parent\" data-id=\"df0ad13\" data-element_type=\"container\" data-e-type=\"container\">\n\t\t\t\t\t<div class=\"e-con-inner\">\n\t\t\t\t<div class=\"elementor-element elementor-element-09215f1 elementor-widget elementor-widget-heading\" data-id=\"09215f1\" data-element_type=\"widget\" data-e-type=\"widget\" data-widget_type=\"heading.default\">\n\t\t\t\t\t<h5 class=\"elementor-heading-title elementor-size-default\">Pour mieux comprendre votre chien<\/h5>\t\t\t\t<\/div>\n\t\t\t\t\t<\/div>\n\t\t\t\t<\/div>\n\t\t<div class=\"elementor-element elementor-element-384b989 e-flex e-con-boxed e-con e-parent\" data-id=\"384b989\" data-element_type=\"container\" data-e-type=\"container\">\n\t\t\t\t\t<div class=\"e-con-inner\">\n\t\t<div class=\"elementor-element elementor-element-03e25de e-con-full e-flex e-con e-child\" data-id=\"03e25de\" data-element_type=\"container\" data-e-type=\"container\">\n\t\t\t\t<div class=\"elementor-element elementor-element-8538db9 elementor-widget elementor-widget-text-editor\" data-id=\"8538db9\" data-element_type=\"widget\" data-e-type=\"widget\" data-widget_type=\"text-editor.default\">\n\t\t\t\t\t\t\t\t\t<p class=\"font_8\">Il d\u00e9signe l\u2019<strong>environnement sensoriel propre \u00e0 une esp\u00e8ce ou \u00e0 un individu<\/strong>. Nous partageons\u00a0le m\u00eame environnement mais <strong>chacun le per\u00e7oit diff\u00e9remment<\/strong>, de par nos perceptions sensorielles propres.<\/p><p class=\"font_8\">\u00ab\u00a0Il ne s&rsquo;est pas rien pass\u00e9, nous ne l&rsquo;avons simplement pas per\u00e7u\u00a0\u00bb<\/p><p class=\"font_8\">A Hauteur de Truffe\u00a0est bas\u00e9 sur ce concept, qu&rsquo;il est tr\u00e8s important de comprendre afin d&rsquo;<strong>appr\u00e9hender correctement le comportement animal et limiter l&rsquo;anthropomorphisme<\/strong> (attribuer des particularit\u00e9s humaines aux comportements animaux).<\/p>\t\t\t\t\t\t\t\t<\/div>\n\t\t\t\t<\/div>\n\t\t<div class=\"elementor-element elementor-element-794117d e-con-full e-flex e-con e-child\" data-id=\"794117d\" data-element_type=\"container\" data-e-type=\"container\">\n\t\t\t\t<div class=\"elementor-element elementor-element-72432c8 elementor-widget elementor-widget-image\" data-id=\"72432c8\" data-element_type=\"widget\" data-e-type=\"widget\" data-widget_type=\"image.default\">\n\t\t\t\t\t\t\t\t\t\t\t\t\t\t\t<img decoding=\"async\" width=\"1\" height=\"1\" src=\"https:\/\/ahauteurdetruffe.fr\/wp-content\/uploads\/2026\/02\/Capture-decran-2026-02-26-193512.png\" class=\"attachment-large size-large wp-image-141\" alt=\"\" \/>\t\t\t\t\t\t\t\t\t\t\t\t\t\t\t<\/div>\n\t\t\t\t<\/div>\n\t\t\t\t\t<\/div>\n\t\t\t\t<\/div>\n\t\t\t\t<\/div>\n\t\t","protected":false},"excerpt":{"rendered":"<p>Une approche bienveillante, \u00e9quilibr\u00e9e et respectueuse du chien et de l&rsquo;humain En quoi consiste l&rsquo;\u00e9ducation canine ? L&rsquo;\u00e9ducation canine est un moyen d&rsquo;adapter votre chien \u00e0 un environnement qui ne lui est pas naturel. En d\u00e9pit des ann\u00e9es de s\u00e9lection, elle permet que votre chien se comporte de mani\u00e8re acceptable dans notre soci\u00e9t\u00e9, que nous [&hellip;]<\/p>\n","protected":false},"author":1,"featured_media":0,"parent":0,"menu_order":0,"comment_status":"closed","ping_status":"closed","template":"elementor_header_footer","meta":{"footnotes":""},"class_list":["post-12","page","type-page","status-publish","hentry","entry"],"yoast_head":"<!-- This site is optimized with the Yoast SEO plugin v27.2 - https:\/\/yoast.com\/product\/yoast-seo-wordpress\/ -->\n<title>A Hauteur de Truffe -<\/title>\n<meta name=\"robots\" content=\"index, follow, max-snippet:-1, max-image-preview:large, max-video-preview:-1\" \/>\n<link rel=\"canonical\" href=\"https:\/\/ahauteurdetruffe.fr\/\" \/>\n<meta property=\"og:locale\" content=\"fr_FR\" \/>\n<meta property=\"og:type\" content=\"article\" \/>\n<meta property=\"og:title\" content=\"A Hauteur de Truffe -\" \/>\n<meta property=\"og:description\" content=\"Une approche bienveillante, \u00e9quilibr\u00e9e et respectueuse du chien et de l&rsquo;humain En quoi consiste l&rsquo;\u00e9ducation canine ? L&rsquo;\u00e9ducation canine est un moyen d&rsquo;adapter votre chien \u00e0 un environnement qui ne lui est pas naturel. En d\u00e9pit des ann\u00e9es de s\u00e9lection, elle permet que votre chien se comporte de mani\u00e8re acceptable dans notre soci\u00e9t\u00e9, que nous [&hellip;]\" \/>\n<meta property=\"og:url\" content=\"https:\/\/ahauteurdetruffe.fr\/\" \/>\n<meta property=\"article:modified_time\" content=\"2026-03-12T12:46:19+00:00\" \/>\n<meta property=\"og:image\" content=\"https:\/\/ahauteurdetruffe.fr\/wp-content\/uploads\/2026\/02\/Capture-decran-2026-02-20-184021.png\" \/>\n\t<meta property=\"og:image:width\" content=\"1\" \/>\n\t<meta property=\"og:image:height\" content=\"1\" \/>\n\t<meta property=\"og:image:type\" content=\"image\/png\" \/>\n<meta name=\"twitter:card\" content=\"summary_large_image\" \/>\n<meta name=\"twitter:label1\" content=\"Dur\u00e9e de lecture estim\u00e9e\" \/>\n\t<meta name=\"twitter:data1\" content=\"1 minute\" \/>\n<script type=\"application\/ld+json\" class=\"yoast-schema-graph\">{\"@context\":\"https:\/\/schema.org\",\"@graph\":[{\"@type\":\"WebPage\",\"@id\":\"https:\/\/ahauteurdetruffe.fr\/\",\"url\":\"https:\/\/ahauteurdetruffe.fr\/\",\"name\":\"A Hauteur de Truffe -\",\"isPartOf\":{\"@id\":\"https:\/\/ahauteurdetruffe.fr\/#website\"},\"primaryImageOfPage\":{\"@id\":\"https:\/\/ahauteurdetruffe.fr\/#primaryimage\"},\"image\":{\"@id\":\"https:\/\/ahauteurdetruffe.fr\/#primaryimage\"},\"thumbnailUrl\":\"https:\/\/ahauteurdetruffe.fr\/wp-content\/uploads\/2026\/02\/Capture-decran-2026-02-20-184021.png\",\"datePublished\":\"2026-02-20T11:11:21+00:00\",\"dateModified\":\"2026-03-12T12:46:19+00:00\",\"breadcrumb\":{\"@id\":\"https:\/\/ahauteurdetruffe.fr\/#breadcrumb\"},\"inLanguage\":\"fr-FR\",\"potentialAction\":[{\"@type\":\"ReadAction\",\"target\":[\"https:\/\/ahauteurdetruffe.fr\/\"]}]},{\"@type\":\"ImageObject\",\"inLanguage\":\"fr-FR\",\"@id\":\"https:\/\/ahauteurdetruffe.fr\/#primaryimage\",\"url\":\"https:\/\/ahauteurdetruffe.fr\/wp-content\/uploads\/2026\/02\/Capture-decran-2026-02-20-184021.png\",\"contentUrl\":\"https:\/\/ahauteurdetruffe.fr\/wp-content\/uploads\/2026\/02\/Capture-decran-2026-02-20-184021.png\"},{\"@type\":\"BreadcrumbList\",\"@id\":\"https:\/\/ahauteurdetruffe.fr\/#breadcrumb\",\"itemListElement\":[{\"@type\":\"ListItem\",\"position\":1,\"name\":\"Accueil\",\"item\":\"https:\/\/ahauteurdetruffe.fr\/\"},{\"@type\":\"ListItem\",\"position\":2,\"name\":\"A Hauteur de Truffe\"}]},{\"@type\":\"WebSite\",\"@id\":\"https:\/\/ahauteurdetruffe.fr\/#website\",\"url\":\"https:\/\/ahauteurdetruffe.fr\/\",\"name\":\"\",\"description\":\"\",\"potentialAction\":[{\"@type\":\"SearchAction\",\"target\":{\"@type\":\"EntryPoint\",\"urlTemplate\":\"https:\/\/ahauteurdetruffe.fr\/?s={search_term_string}\"},\"query-input\":{\"@type\":\"PropertyValueSpecification\",\"valueRequired\":true,\"valueName\":\"search_term_string\"}}],\"inLanguage\":\"fr-FR\"}]}<\/script>\n<!-- \/ Yoast SEO plugin. -->","yoast_head_json":{"title":"A Hauteur de Truffe -","robots":{"index":"index","follow":"follow","max-snippet":"max-snippet:-1","max-image-preview":"max-image-preview:large","max-video-preview":"max-video-preview:-1"},"canonical":"https:\/\/ahauteurdetruffe.fr\/","og_locale":"fr_FR","og_type":"article","og_title":"A Hauteur de Truffe -","og_description":"Une approche bienveillante, \u00e9quilibr\u00e9e et respectueuse du chien et de l&rsquo;humain En quoi consiste l&rsquo;\u00e9ducation canine ? L&rsquo;\u00e9ducation canine est un moyen d&rsquo;adapter votre chien \u00e0 un environnement qui ne lui est pas naturel. En d\u00e9pit des ann\u00e9es de s\u00e9lection, elle permet que votre chien se comporte de mani\u00e8re acceptable dans notre soci\u00e9t\u00e9, que nous [&hellip;]","og_url":"https:\/\/ahauteurdetruffe.fr\/","article_modified_time":"2026-03-12T12:46:19+00:00","og_image":[{"url":"https:\/\/ahauteurdetruffe.fr\/wp-content\/uploads\/2026\/02\/Capture-decran-2026-02-20-184021.png","width":1,"height":1,"type":"image\/png"}],"twitter_card":"summary_large_image","twitter_misc":{"Dur\u00e9e de lecture estim\u00e9e":"1 minute"},"schema":{"@context":"https:\/\/schema.org","@graph":[{"@type":"WebPage","@id":"https:\/\/ahauteurdetruffe.fr\/","url":"https:\/\/ahauteurdetruffe.fr\/","name":"A Hauteur de Truffe -","isPartOf":{"@id":"https:\/\/ahauteurdetruffe.fr\/#website"},"primaryImageOfPage":{"@id":"https:\/\/ahauteurdetruffe.fr\/#primaryimage"},"image":{"@id":"https:\/\/ahauteurdetruffe.fr\/#primaryimage"},"thumbnailUrl":"https:\/\/ahauteurdetruffe.fr\/wp-content\/uploads\/2026\/02\/Capture-decran-2026-02-20-184021.png","datePublished":"2026-02-20T11:11:21+00:00","dateModified":"2026-03-12T12:46:19+00:00","breadcrumb":{"@id":"https:\/\/ahauteurdetruffe.fr\/#breadcrumb"},"inLanguage":"fr-FR","potentialAction":[{"@type":"ReadAction","target":["https:\/\/ahauteurdetruffe.fr\/"]}]},{"@type":"ImageObject","inLanguage":"fr-FR","@id":"https:\/\/ahauteurdetruffe.fr\/#primaryimage","url":"https:\/\/ahauteurdetruffe.fr\/wp-content\/uploads\/2026\/02\/Capture-decran-2026-02-20-184021.png","contentUrl":"https:\/\/ahauteurdetruffe.fr\/wp-content\/uploads\/2026\/02\/Capture-decran-2026-02-20-184021.png"},{"@type":"BreadcrumbList","@id":"https:\/\/ahauteurdetruffe.fr\/#breadcrumb","itemListElement":[{"@type":"ListItem","position":1,"name":"Accueil","item":"https:\/\/ahauteurdetruffe.fr\/"},{"@type":"ListItem","position":2,"name":"A Hauteur de Truffe"}]},{"@type":"WebSite","@id":"https:\/\/ahauteurdetruffe.fr\/#website","url":"https:\/\/ahauteurdetruffe.fr\/","name":"","description":"","potentialAction":[{"@type":"SearchAction","target":{"@type":"EntryPoint","urlTemplate":"https:\/\/ahauteurdetruffe.fr\/?s={search_term_string}"},"query-input":{"@type":"PropertyValueSpecification","valueRequired":true,"valueName":"search_term_string"}}],"inLanguage":"fr-FR"}]}},"_links":{"self":[{"href":"https:\/\/ahauteurdetruffe.fr\/index.php\/wp-json\/wp\/v2\/pages\/12","targetHints":{"allow":["GET"]}}],"collection":[{"href":"https:\/\/ahauteurdetruffe.fr\/index.php\/wp-json\/wp\/v2\/pages"}],"about":[{"href":"https:\/\/ahauteurdetruffe.fr\/index.php\/wp-json\/wp\/v2\/types\/page"}],"author":[{"embeddable":true,"href":"https:\/\/ahauteurdetruffe.fr\/index.php\/wp-json\/wp\/v2\/users\/1"}],"replies":[{"embeddable":true,"href":"https:\/\/ahauteurdetruffe.fr\/index.php\/wp-json\/wp\/v2\/comments?post=12"}],"version-history":[{"count":39,"href":"https:\/\/ahauteurdetruffe.fr\/index.php\/wp-json\/wp\/v2\/pages\/12\/revisions"}],"predecessor-version":[{"id":193,"href":"https:\/\/ahauteurdetruffe.fr\/index.php\/wp-json\/wp\/v2\/pages\/12\/revisions\/193"}],"wp:attachment":[{"href":"https:\/\/ahauteurdetruffe.fr\/index.php\/wp-json\/wp\/v2\/media?parent=12"}],"curies":[{"name":"wp","href":"https:\/\/api.w.org\/{rel}","templated":true}]}}